{"id":12,"date":"2024-07-08T18:20:44","date_gmt":"2024-07-08T16:20:44","guid":{"rendered":"https:\/\/reload-fitness.de\/?page_id=12"},"modified":"2025-07-04T13:19:07","modified_gmt":"2025-07-04T11:19:07","slug":"kurse","status":"publish","type":"page","link":"https:\/\/pfeilundbogenerlebnisse.de\/?page_id=12","title":{"rendered":"Kurse"},"content":{"rendered":"\n<div class=\"wp-block-group alignfull has-global-padding is-layout-constrained wp-container-core-group-is-layout-490fa1db wp-block-group-is-layout-constrained\" style=\"padding-top:var(--wp--preset--spacing--50);padding-right:var(--wp--preset--spacing--50);padding-bottom:var(--wp--preset--spacing--50);padding-left:var(--wp--preset--spacing--50)\">\n<div class=\"wp-block-group has-global-padding is-layout-constrained wp-container-core-group-is-layout-650790e1 wp-block-group-is-layout-constrained\">\n<p><strong>Kompaktkurs f\u00fcr 2-4 Personen (2 Std)<br><\/strong>Erleben Sie intensive und kompakte Einf\u00fchrungskurse f\u00fcr 2-4 Personen. Perfekt f\u00fcr einen schnellen Einstieg in die Kunst des Bogenschie\u00dfens!<\/p>\n\n\n\n<div style=\"height:1.25rem\" aria-hidden=\"true\" class=\"wp-block-spacer\"><\/div>\n\n\n\n<div style=\"height:1.25rem\" aria-hidden=\"true\" class=\"wp-block-spacer\"><\/div>\n\n\n\n<p><strong><strong>Gruppenkurse (3,5 Stunden)<\/strong><\/strong><\/p>\n\n\n\n<p>Unsere umfassenden Gruppenkurse f\u00fcr 4-12 Personen bieten ausreichend Zeit, um Technik und Pr\u00e4zision zu verfeinern. Ideal f\u00fcr Teams, Freunde oder Familien<\/p>\n\n\n\n<figure class=\"wp-block-image alignwide size-full is-style-rounded wp-duotone-unset-2 is-style-rounded--1\"><img loading=\"lazy\" decoding=\"async\" width=\"2225\" height=\"2304\" src=\"https:\/\/pfeilundbogenerlebnisse.de\/wp-content\/uploads\/2025\/07\/Bogenkurs.jpg\" alt=\"\" class=\"wp-image-144\" srcset=\"https:\/\/pfeilundbogenerlebnisse.de\/wp-content\/uploads\/2025\/07\/Bogenkurs.jpg 2225w, https:\/\/pfeilundbogenerlebnisse.de\/wp-content\/uploads\/2025\/07\/Bogenkurs-290x300.jpg 290w, https:\/\/pfeilundbogenerlebnisse.de\/wp-content\/uploads\/2025\/07\/Bogenkurs-989x1024.jpg 989w, https:\/\/pfeilundbogenerlebnisse.de\/wp-content\/uploads\/2025\/07\/Bogenkurs-768x795.jpg 768w, https:\/\/pfeilundbogenerlebnisse.de\/wp-content\/uploads\/2025\/07\/Bogenkurs-1483x1536.jpg 1483w, https:\/\/pfeilundbogenerlebnisse.de\/wp-content\/uploads\/2025\/07\/Bogenkurs-1978x2048.jpg 1978w\" sizes=\"auto, (max-width: 2225px) 100vw, 2225px\" \/><\/figure>\n<\/div>\n<\/div>\n\n\n\n<div class=\"wp-block-group alignfull has-base-2-background-color has-background has-global-padding is-content-justification-center is-layout-constrained wp-container-core-group-is-layout-07713731 wp-block-group-is-layout-constrained\" style=\"margin-top:0;margin-bottom:0;padding-top:var(--wp--preset--spacing--50);padding-right:var(--wp--preset--spacing--50);padding-bottom:var(--wp--preset--spacing--50);padding-left:var(--wp--preset--spacing--50)\">\n<h2 class=\"wp-block-heading has-text-align-center wp-container-content-9cfa9a5a\">Theorie und Praxis<\/h2>\n\n\n\n<div class=\"wp-block-group is-vertical is-content-justification-center is-layout-flex wp-container-core-group-is-layout-52b864f0 wp-block-group-is-layout-flex\">\n<div style=\"height:0px\" aria-hidden=\"true\" class=\"wp-block-spacer wp-container-content-4f2ccadb\"><\/div>\n<\/div>\n\n\n\n<div class=\"wp-block-columns alignwide is-layout-flex wp-container-core-columns-is-layout-d0bbbce0 wp-block-columns-is-layout-flex\">\n<div class=\"wp-block-column is-layout-flow wp-container-core-column-is-layout-e3d1c41b wp-block-column-is-layout-flow\">\n<h3 class=\"wp-block-heading has-text-align-left is-style-default has-body-font-family has-medium-font-size\" style=\"font-style:normal;font-weight:600\">Unterschied technisches Bogenschie\u00dfen und intuitives Bogenschie\u00dfen<\/h3>\n\n\n\n<p class=\"has-text-align-left\">Technik versus Intuition \u2013 Die Unterschiede im Bogenschie\u00dfen<\/p>\n<\/div>\n\n\n\n<div class=\"wp-block-column is-layout-flow wp-container-core-column-is-layout-e3d1c41b wp-block-column-is-layout-flow\">\n<h3 class=\"wp-block-heading has-text-align-left is-style-default has-body-font-family has-medium-font-size\" style=\"font-style:normal;font-weight:600\">Was bewirkt intuitives Bogenschie\u00dfen im Gehirn<\/h3>\n\n\n\n<p class=\"has-text-align-left\">Intuitives Bogenschie\u00dfen \u2013 Positive Effekte auf das Gehirn<\/p>\n<\/div>\n\n\n\n<div class=\"wp-block-column is-layout-flow wp-container-core-column-is-layout-e3d1c41b wp-block-column-is-layout-flow\">\n<h3 class=\"wp-block-heading has-text-align-left is-style-default has-body-font-family has-medium-font-size\" style=\"font-style:normal;font-weight:600\">Technische Grundbegriffe<\/h3>\n\n\n\n<p class=\"has-text-align-left\">Technik verstehen \u2013 Grundbegriffe des Bogenschie\u00dfens<\/p>\n<\/div>\n\n\n\n<div class=\"wp-block-column is-layout-flow wp-block-column-is-layout-flow\">\n<h3 class=\"wp-block-heading has-text-align-left is-style-default has-body-font-family has-medium-font-size\" style=\"font-style:normal;font-weight:600\">Sicherheitsvorschriften<\/h3>\n\n\n\n<p>Sicherheit an erster Stelle \u2013 Wichtige Vorschriften und Regeln<\/p>\n<\/div>\n<\/div>\n\n\n\n<div style=\"height:var(--wp--preset--spacing--20)\" aria-hidden=\"true\" class=\"wp-block-spacer\"><\/div>\n\n\n\n<div class=\"wp-block-columns alignwide is-layout-flex wp-container-core-columns-is-layout-d0bbbce0 wp-block-columns-is-layout-flex\">\n<div class=\"wp-block-column is-layout-flow wp-container-core-column-is-layout-e3d1c41b wp-block-column-is-layout-flow\">\n<h3 class=\"wp-block-heading has-text-align-left is-style-default has-body-font-family has-medium-font-size\" style=\"font-style:normal;font-weight:600\">Der sichere Umgang mit Pfeil und Bogen auf unterschiedliche feste und bewegliche Ziele<\/h3>\n\n\n\n<p class=\"has-text-align-left\">Zielgenau und sicher \u2013 Der Umgang mit Pfeil und Bogen<\/p>\n<\/div>\n\n\n\n<div class=\"wp-block-column is-layout-flow wp-container-core-column-is-layout-e3d1c41b wp-block-column-is-layout-flow\">\n<h3 class=\"wp-block-heading has-text-align-left is-style-default has-body-font-family has-medium-font-size\" style=\"font-style:normal;font-weight:600\">Grundhaltung und Bewegungsablauf<\/h3>\n\n\n\n<p class=\"has-text-align-left\">Perfekte Technik \u2013 Grundhaltung und Bewegungsablauf<\/p>\n<\/div>\n\n\n\n<div class=\"wp-block-column is-layout-flow wp-container-core-column-is-layout-e3d1c41b wp-block-column-is-layout-flow\">\n<h3 class=\"wp-block-heading has-text-align-left is-style-default has-body-font-family has-medium-font-size\" style=\"font-style:normal;font-weight:600\">Ziele fokussieren und erreichen<\/h3>\n\n\n\n<p class=\"has-text-align-left\">Fokussieren und Treffen \u2013 Erfolgreich im Bogenschie\u00dfen<\/p>\n<\/div>\n\n\n\n<div class=\"wp-block-column is-layout-flow wp-block-column-is-layout-flow\">\n<h3 class=\"wp-block-heading has-text-align-left is-style-default has-body-font-family has-medium-font-size\" style=\"font-style:normal;font-weight:600\">Statistische dynamische Schie\u00dftechniken<\/h3>\n\n\n\n<p>Pr\u00e4zision und Bewegung \u2013 Statistische und dynamische Schie\u00dftechniken<\/p>\n<\/div>\n<\/div>\n<\/div>\n\n\n\n<div class=\"wp-block-group alignfull has-base-color has-contrast-background-color has-text-color has-background has-global-padding is-layout-constrained wp-container-core-group-is-layout-ef3d885c wp-block-group-is-layout-constrained\" style=\"margin-top:0;margin-bottom:0;padding-top:var(--wp--preset--spacing--60);padding-right:var(--wp--preset--spacing--60);padding-bottom:var(--wp--preset--spacing--60);padding-left:var(--wp--preset--spacing--60)\">\n<div class=\"wp-block-group has-global-padding is-layout-constrained wp-block-group-is-layout-constrained\">\n<p class=\"has-text-align-center has-base-color has-text-color has-heading-font-family has-x-large-font-size\" style=\"line-height:1.2\"><em>&#8222;Intuitives Bogenschie\u00dfen ist nicht nur ein Sport, sondern eine Reise zu innerer Balance und fokussierter Pr\u00e4zision. Es lehrt uns, dass wahre St\u00e4rke aus der Harmonie von K\u00f6rper und Geist entsteht.&#8220;<\/em><\/p>\n\n\n\n<div style=\"height:var(--wp--preset--spacing--10)\" aria-hidden=\"true\" class=\"wp-block-spacer\"><\/div>\n<\/div>\n<\/div>\n","protected":false},"excerpt":{"rendered":"<p>Kompaktkurs f\u00fcr 2-4 Personen (2 Std)Erleben Sie intensive und kompakte Einf\u00fchrungskurse f\u00fcr 2-4 Personen. Perfekt f\u00fcr einen schnellen Einstieg in die Kunst des Bogenschie\u00dfens! Gruppenkurse (3,5 Stunden) Unsere umfassenden Gruppenkurse f\u00fcr 4-12 Personen bieten ausreichend Zeit, um Technik und Pr\u00e4zision zu verfeinern. Ideal f\u00fcr Teams, Freunde oder Familien Theorie und Praxis Unterschied technisches Bogenschie\u00dfen und [&hellip;]<\/p>\n","protected":false},"author":1,"featured_media":0,"parent":0,"menu_order":0,"comment_status":"closed","ping_status":"closed","template":"","meta":{"footnotes":""},"class_list":["post-12","page","type-page","status-publish","hentry"],"_links":{"self":[{"href":"https:\/\/pfeilundbogenerlebnisse.de\/index.php?rest_route=\/wp\/v2\/pages\/12","targetHints":{"allow":["GET"]}}],"collection":[{"href":"https:\/\/pfeilundbogenerlebnisse.de\/index.php?rest_route=\/wp\/v2\/pages"}],"about":[{"href":"https:\/\/pfeilundbogenerlebnisse.de\/index.php?rest_route=\/wp\/v2\/types\/page"}],"author":[{"embeddable":true,"href":"https:\/\/pfeilundbogenerlebnisse.de\/index.php?rest_route=\/wp\/v2\/users\/1"}],"replies":[{"embeddable":true,"href":"https:\/\/pfeilundbogenerlebnisse.de\/index.php?rest_route=%2Fwp%2Fv2%2Fcomments&post=12"}],"version-history":[{"count":6,"href":"https:\/\/pfeilundbogenerlebnisse.de\/index.php?rest_route=\/wp\/v2\/pages\/12\/revisions"}],"predecessor-version":[{"id":146,"href":"https:\/\/pfeilundbogenerlebnisse.de\/index.php?rest_route=\/wp\/v2\/pages\/12\/revisions\/146"}],"wp:attachment":[{"href":"https:\/\/pfeilundbogenerlebnisse.de\/index.php?rest_route=%2Fwp%2Fv2%2Fmedia&parent=12"}],"curies":[{"name":"wp","href":"https:\/\/api.w.org\/{rel}","templated":true}]}}